{"id":76,"date":"2015-02-13T20:14:43","date_gmt":"2015-02-13T20:14:43","guid":{"rendered":"http:\/\/physiotherapie-schwalb.de\/?page_id=76"},"modified":"2020-02-19T11:58:00","modified_gmt":"2020-02-19T11:58:00","slug":"termine","status":"publish","type":"page","link":"https:\/\/physiotherapie-schwalb.de\/?page_id=76","title":{"rendered":"Termine"},"content":{"rendered":"<p>Termine nach Vereinbarung.<\/p>\n<p><a href=\"https:\/\/physiotherapie-schwalb.de\/wp-content\/uploads\/2020\/02\/Bild-Uhr.jpg\"><img loading=\"lazy\" decoding=\"async\" class=\"wp-image-188 alignleft\" src=\"https:\/\/physiotherapie-schwalb.de\/wp-content\/uploads\/2020\/02\/Bild-Uhr-295x300.jpg\" alt=\"\" width=\"55\" height=\"56\" srcset=\"https:\/\/physiotherapie-schwalb.de\/wp-content\/uploads\/2020\/02\/Bild-Uhr-295x300.jpg 295w, https:\/\/physiotherapie-schwalb.de\/wp-content\/uploads\/2020\/02\/Bild-Uhr-150x150.jpg 150w, https:\/\/physiotherapie-schwalb.de\/wp-content\/uploads\/2020\/02\/Bild-Uhr.jpg 418w\" sizes=\"(max-width: 55px) 100vw, 55px\" \/><\/a>Sollten Sie einmal Ihren Termin nicht wahrnehmen k\u00f6nnen, bitten ich Sie freundlichst, mir dies 24 Stunden vorher mitzuteilen. Mein Anrufbeantworter ist au\u00dferhalb der Sprechzeiten&nbsp;eingeschaltet und nimmt Ihre Absage entgegen. Nicht rechtzeitig abgesagte Termine m\u00fcssen Ihnen leider in Rechnung gestellt werden.<\/p>\n<p>&nbsp;<\/p>\n<h2><span style=\"color: #ffffff;\">Physiotherapie Wiesbaden Schwalb<a style=\"color: #ffffff;\" href=\"https:\/\/physiotherapie-schwalb.de\/wp-content\/uploads\/2015\/02\/Physiotherapie-Wiesbaden-Schwalb.gif\"><img loading=\"lazy\" decoding=\"async\" class=\"alignnone size-full wp-image-137\" src=\"https:\/\/physiotherapie-schwalb.de\/wp-content\/uploads\/2015\/02\/Physiotherapie-Wiesbaden-Schwalb.gif\" alt=\"Physiotherapie, Manuelle Therapie, Lymphdrainage, KPE, Komplexe Entstauungstherapie, PNF, CMD, Kiefergelenk, Triggerpunkt-Therapie, Atemtherapie, Massage, Sportmassage, Brunkow, Craniomandibul\u00e4r, Krankengymnastik, Nordic Walking, Wiesbaden, Taunusstein, Mainz, Rheingau-Taunus, Rhein-Main, Frankfurt, Schwalb, Praxis f\u00fcr Allgemeinmedizin, Rheinstra\u00dfe\" width=\"28\" height=\"28\"><\/a><\/span><\/h2>\n<h6><span style=\"color: #ffffff;\"><a style=\"color: #ffffff;\" title=\"Leistungen\" href=\"https:\/\/physiotherapie-schwalb.de\/?page_id=60\"> Physiotherapie<\/a>, <a style=\"color: #ffffff;\" title=\"Leistungen\" href=\"https:\/\/physiotherapie-schwalb.de\/?page_id=60\">Manuelle Therapie<\/a>, <a style=\"color: #ffffff;\" title=\"Leistungen\" href=\"https:\/\/physiotherapie-schwalb.de\/?page_id=60\">Lymphdrainage<\/a>, <a style=\"color: #ffffff;\" title=\"Leistungen\" href=\"https:\/\/physiotherapie-schwalb.de\/?page_id=60\">KPE<\/a>, <a style=\"color: #ffffff;\" title=\"Leistungen\" href=\"https:\/\/physiotherapie-schwalb.de\/?page_id=60\">Komplexe Entstauungstherapie<\/a>, <a style=\"color: #ffffff;\" title=\"Leistungen\" href=\"https:\/\/physiotherapie-schwalb.de\/?page_id=60\">PNF<\/a>, <a style=\"color: #ffffff;\" title=\"Leistungen\" href=\"https:\/\/physiotherapie-schwalb.de\/?page_id=60\">CMD<\/a>, <a style=\"color: #ffffff;\" title=\"Leistungen\" href=\"https:\/\/physiotherapie-schwalb.de\/?page_id=60\">Kiefergelenk<\/a>, <a style=\"color: #ffffff;\" title=\"Leistungen\" href=\"https:\/\/physiotherapie-schwalb.de\/?page_id=60\">Triggerpunkt-Therapie<\/a>, <a style=\"color: #ffffff;\" title=\"Leistungen\" href=\"https:\/\/physiotherapie-schwalb.de\/?page_id=60\">Atemtherapie<\/a>, <a style=\"color: #ffffff;\" title=\"Leistungen\" href=\"https:\/\/physiotherapie-schwalb.de\/?page_id=60\">Massage<\/a>, <a style=\"color: #ffffff;\" title=\"Leistungen\" href=\"https:\/\/physiotherapie-schwalb.de\/?page_id=60\">Sportmassage<\/a>, <a style=\"color: #ffffff;\" title=\"Leistungen\" href=\"https:\/\/physiotherapie-schwalb.de\/?page_id=60\">Brunkow<\/a>, <a style=\"color: #ffffff;\" title=\"Leistungen\" href=\"https:\/\/physiotherapie-schwalb.de\/?page_id=60\">Craniomandibul\u00e4r<\/a>, <a style=\"color: #ffffff;\" title=\"Leistungen\" href=\"https:\/\/physiotherapie-schwalb.de\/?page_id=60\">Krankengymnastik<\/a>, <a style=\"color: #ffffff;\" title=\"Leistungen\" href=\"https:\/\/physiotherapie-schwalb.de\/?page_id=60\">Nordic Walking<\/a>, <a style=\"color: #ffffff;\" title=\"Leistungen\" href=\"https:\/\/physiotherapie-schwalb.de\/?page_id=60\">Wiesbaden<\/a>, <a style=\"color: #ffffff;\" title=\"Leistungen\" href=\"https:\/\/physiotherapie-schwalb.de\/?page_id=60\">Taunusstein<\/a>, <a style=\"color: #ffffff;\" title=\"Leistungen\" href=\"https:\/\/physiotherapie-schwalb.de\/?page_id=60\">Mainz<\/a>, <a style=\"color: #ffffff;\" title=\"Leistungen\" href=\"https:\/\/physiotherapie-schwalb.de\/?page_id=60\">Rheingau-Taunus<\/a>, <a style=\"color: #ffffff;\" title=\"Leistungen\" href=\"https:\/\/physiotherapie-schwalb.de\/?page_id=60\">Rhein-Main<\/a>, <a style=\"color: #ffffff;\" title=\"Leistungen\" href=\"https:\/\/physiotherapie-schwalb.de\/?page_id=60\">Frankfurt<\/a>, <a style=\"color: #ffffff;\" title=\"Leistungen\" href=\"https:\/\/physiotherapie-schwalb.de\/?page_id=60\">Schwalb<\/a>, <a style=\"color: #ffffff;\" href=\"http:\/\/dr-schwalb.de\" target=\"_blank\" rel=\"noopener noreferrer\">Praxis f\u00fcr Allgemeinmedizin<\/a>, <a style=\"color: #ffffff;\" href=\"http:\/\/dr-schwalb.de\" target=\"_blank\" rel=\"noopener noreferrer\">Rheinstra\u00dfe<\/a>. <a style=\"color: #ffffff;\" title=\"Leistungen\" href=\"https:\/\/physiotherapie-schwalb.de\/?page_id=60\">Physiotherapie<\/a>, <a style=\"color: #ffffff;\" title=\"Leistungen\" href=\"https:\/\/physiotherapie-schwalb.de\/?page_id=60\">Manuelle Therapie<\/a>, <a style=\"color: #ffffff;\" title=\"Leistungen\" href=\"https:\/\/physiotherapie-schwalb.de\/?page_id=60\">Lymphdrainage<\/a>, <a style=\"color: #ffffff;\" title=\"Leistungen\" href=\"https:\/\/physiotherapie-schwalb.de\/?page_id=60\">KPE<\/a>, <a style=\"color: #ffffff;\" title=\"Leistungen\" href=\"https:\/\/physiotherapie-schwalb.de\/?page_id=60\">Komplexe Entstauungstherapie<\/a>, <a style=\"color: #ffffff;\" title=\"Leistungen\" href=\"https:\/\/physiotherapie-schwalb.de\/?page_id=60\">PNF<\/a>, <a style=\"color: #ffffff;\" title=\"Leistungen\" href=\"https:\/\/physiotherapie-schwalb.de\/?page_id=60\">CMD<\/a>, <a style=\"color: #ffffff;\" title=\"Leistungen\" href=\"https:\/\/physiotherapie-schwalb.de\/?page_id=60\">Kiefergelenk<\/a>, <a style=\"color: #ffffff;\" title=\"Leistungen\" href=\"https:\/\/physiotherapie-schwalb.de\/?page_id=60\">Triggerpunkt-Therapie<\/a>, <a style=\"color: #ffffff;\" title=\"Leistungen\" href=\"https:\/\/physiotherapie-schwalb.de\/?page_id=60\">Atemtherapie<\/a>, <a style=\"color: #ffffff;\" title=\"Leistungen\" href=\"https:\/\/physiotherapie-schwalb.de\/?page_id=60\">Massage<\/a>, <a style=\"color: #ffffff;\" title=\"Leistungen\" href=\"https:\/\/physiotherapie-schwalb.de\/?page_id=60\">Sportmassage<\/a>, <a style=\"color: #ffffff;\" title=\"Leistungen\" href=\"https:\/\/physiotherapie-schwalb.de\/?page_id=60\">Brunkow<\/a>, <a style=\"color: #ffffff;\" title=\"Leistungen\" href=\"https:\/\/physiotherapie-schwalb.de\/?page_id=60\">Craniomandibul\u00e4r<\/a>, <a style=\"color: #ffffff;\" title=\"Leistungen\" href=\"https:\/\/physiotherapie-schwalb.de\/?page_id=60\">Krankengymnastik<\/a>, <a style=\"color: #ffffff;\" title=\"Leistungen\" href=\"https:\/\/physiotherapie-schwalb.de\/?page_id=60\">Nordic Walking<\/a>, <a style=\"color: #ffffff;\" title=\"Leistungen\" href=\"https:\/\/physiotherapie-schwalb.de\/?page_id=60\">Wiesbaden<\/a>, <a style=\"color: #ffffff;\" title=\"Leistungen\" href=\"https:\/\/physiotherapie-schwalb.de\/?page_id=60\">Taunusstein<\/a>, <a style=\"color: #ffffff;\" title=\"Leistungen\" href=\"https:\/\/physiotherapie-schwalb.de\/?page_id=60\">Mainz<\/a>, <a style=\"color: #ffffff;\" title=\"Leistungen\" href=\"https:\/\/physiotherapie-schwalb.de\/?page_id=60\">Rheingau-Taunus<\/a>, <a style=\"color: #ffffff;\" title=\"Leistungen\" href=\"https:\/\/physiotherapie-schwalb.de\/?page_id=60\">Rhein-Main<\/a>, <a style=\"color: #ffffff;\" title=\"Leistungen\" href=\"https:\/\/physiotherapie-schwalb.de\/?page_id=60\">Frankfurt<\/a>, <a style=\"color: #ffffff;\" title=\"Leistungen\" href=\"https:\/\/physiotherapie-schwalb.de\/?page_id=60\">Schwalb<\/a>, <a style=\"color: #ffffff;\" href=\"http:\/\/dr-schwalb.de\" target=\"_blank\" rel=\"noopener noreferrer\">Praxis f\u00fcr Allgemeinmedizin<\/a>, <a style=\"color: #ffffff;\" href=\"http:\/\/dr-schwalb.de\" target=\"_blank\" rel=\"noopener noreferrer\">Rheinstra\u00dfe<\/a>.<\/span><\/h6>\n","protected":false},"excerpt":{"rendered":"<p>Termine nach Vereinbarung. Sollten Sie einmal Ihren Termin nicht wahrnehmen k\u00f6nnen, bitten ich Sie freundlichst, mir dies 24 Stunden vorher mitzuteilen. Mein Anrufbeantworter ist au\u00dferhalb der Sprechzeiten&nbsp;eingeschaltet und nimmt Ihre Absage entgegen. Nicht rechtzeitig abgesagte Termine m\u00fcssen Ihnen leider in Rechnung gestellt werden. &nbsp; Physiotherapie Wiesbaden Schwalb Physiotherapie, Manuelle Therapie, Lymphdrainage, KPE, Komplexe Entstauungstherapie, PNF, &hellip; <a href=\"https:\/\/physiotherapie-schwalb.de\/?page_id=76\" class=\"more-link\"><span class=\"screen-reader-text\">Termine<\/span> weiterlesen <span class=\"meta-nav\">&rarr;<\/span><\/a><\/p>\n","protected":false},"author":1,"featured_media":0,"parent":0,"menu_order":0,"comment_status":"closed","ping_status":"closed","template":"","meta":{"ngg_post_thumbnail":0,"footnotes":""},"yoast_head":"<!-- This site is optimized with the Yoast SEO plugin v19.0 - https:\/\/yoast.com\/wordpress\/plugins\/seo\/ -->\n<title>Termine - Physiotherapie Erika Schwalb<\/title>\n<meta name=\"description\" content=\"Physiotherapie, Manuelle Therapie, Lymphdrainage, KPE, Komplexe Entstauungstherapie, PNF, CMD, Kiefergelenk, Triggerpunkt-Therapie, Atemtherapie, Massage, Sportmassage, Brunkow, Craniomandibul\u00e4r, Krankengymnastik, Nordic Walking, Wiesbaden, Taunusstein, Mainz, Rheingau-Taunus, Rhein-Main, Frankfurt, Schwalb, Praxis f\u00fcr Allgemeinmedizin, Rheinstra\u00dfe.\" \/>\n<meta name=\"robots\" content=\"index, follow, max-snippet:-1, max-image-preview:large, max-video-preview:-1\" \/>\n<link rel=\"canonical\" href=\"https:\/\/physiotherapie-schwalb.de\/?page_id=76\" \/>\n<meta property=\"og:locale\" content=\"de_DE\" \/>\n<meta property=\"og:type\" content=\"article\" \/>\n<meta property=\"og:title\" content=\"Termine - Physiotherapie Erika Schwalb\" \/>\n<meta property=\"og:description\" content=\"Physiotherapie, Manuelle Therapie, Lymphdrainage, KPE, Komplexe Entstauungstherapie, PNF, CMD, Kiefergelenk, Triggerpunkt-Therapie, Atemtherapie, Massage, Sportmassage, Brunkow, Craniomandibul\u00e4r, Krankengymnastik, Nordic Walking, Wiesbaden, Taunusstein, Mainz, Rheingau-Taunus, Rhein-Main, Frankfurt, Schwalb, Praxis f\u00fcr Allgemeinmedizin, Rheinstra\u00dfe.\" \/>\n<meta property=\"og:url\" content=\"https:\/\/physiotherapie-schwalb.de\/?page_id=76\" \/>\n<meta property=\"og:site_name\" content=\"Physiotherapie Erika Schwalb\" \/>\n<meta property=\"article:modified_time\" content=\"2020-02-19T11:58:00+00:00\" \/>\n<meta property=\"og:image\" content=\"https:\/\/physiotherapie-schwalb.de\/wp-content\/uploads\/2020\/02\/Bild-Uhr-295x300.jpg\" \/>\n<meta name=\"twitter:label1\" content=\"Gesch\u00e4tzte Lesezeit\" \/>\n\t<meta name=\"twitter:data1\" content=\"1 Minute\" \/>\n<script type=\"application\/ld+json\" class=\"yoast-schema-graph\">{\"@context\":\"https:\/\/schema.org\",\"@graph\":[{\"@type\":\"WebSite\",\"@id\":\"https:\/\/physiotherapie-schwalb.de\/#website\",\"url\":\"https:\/\/physiotherapie-schwalb.de\/\",\"name\":\"Physiotherapie Erika Schwalb\",\"description\":\"\",\"potentialAction\":[{\"@type\":\"SearchAction\",\"target\":{\"@type\":\"EntryPoint\",\"urlTemplate\":\"https:\/\/physiotherapie-schwalb.de\/?s={search_term_string}\"},\"query-input\":\"required name=search_term_string\"}],\"inLanguage\":\"de-DE\"},{\"@type\":\"ImageObject\",\"inLanguage\":\"de-DE\",\"@id\":\"https:\/\/physiotherapie-schwalb.de\/?page_id=76#primaryimage\",\"url\":\"https:\/\/physiotherapie-schwalb.de\/wp-content\/uploads\/2020\/02\/Bild-Uhr.jpg\",\"contentUrl\":\"https:\/\/physiotherapie-schwalb.de\/wp-content\/uploads\/2020\/02\/Bild-Uhr.jpg\",\"width\":418,\"height\":425},{\"@type\":\"WebPage\",\"@id\":\"https:\/\/physiotherapie-schwalb.de\/?page_id=76#webpage\",\"url\":\"https:\/\/physiotherapie-schwalb.de\/?page_id=76\",\"name\":\"Termine - Physiotherapie Erika Schwalb\",\"isPartOf\":{\"@id\":\"https:\/\/physiotherapie-schwalb.de\/#website\"},\"primaryImageOfPage\":{\"@id\":\"https:\/\/physiotherapie-schwalb.de\/?page_id=76#primaryimage\"},\"datePublished\":\"2015-02-13T20:14:43+00:00\",\"dateModified\":\"2020-02-19T11:58:00+00:00\",\"description\":\"Physiotherapie, Manuelle Therapie, Lymphdrainage, KPE, Komplexe Entstauungstherapie, PNF, CMD, Kiefergelenk, Triggerpunkt-Therapie, Atemtherapie, Massage, Sportmassage, Brunkow, Craniomandibul\u00e4r, Krankengymnastik, Nordic Walking, Wiesbaden, Taunusstein, Mainz, Rheingau-Taunus, Rhein-Main, Frankfurt, Schwalb, Praxis f\u00fcr Allgemeinmedizin, Rheinstra\u00dfe.\",\"breadcrumb\":{\"@id\":\"https:\/\/physiotherapie-schwalb.de\/?page_id=76#breadcrumb\"},\"inLanguage\":\"de-DE\",\"potentialAction\":[{\"@type\":\"ReadAction\",\"target\":[\"https:\/\/physiotherapie-schwalb.de\/?page_id=76\"]}]},{\"@type\":\"BreadcrumbList\",\"@id\":\"https:\/\/physiotherapie-schwalb.de\/?page_id=76#breadcrumb\",\"itemListElement\":[{\"@type\":\"ListItem\",\"position\":1,\"name\":\"Home\",\"item\":\"https:\/\/physiotherapie-schwalb.de\/\"},{\"@type\":\"ListItem\",\"position\":2,\"name\":\"Termine\"}]}]}<\/script>\n<!-- \/ Yoast SEO plugin. -->","yoast_head_json":{"title":"Termine - Physiotherapie Erika Schwalb","description":"Physiotherapie, Manuelle Therapie, Lymphdrainage, KPE, Komplexe Entstauungstherapie, PNF, CMD, Kiefergelenk, Triggerpunkt-Therapie, Atemtherapie, Massage, Sportmassage, Brunkow, Craniomandibul\u00e4r, Krankengymnastik, Nordic Walking, Wiesbaden, Taunusstein, Mainz, Rheingau-Taunus, Rhein-Main, Frankfurt, Schwalb, Praxis f\u00fcr Allgemeinmedizin, Rheinstra\u00dfe.","robots":{"index":"index","follow":"follow","max-snippet":"max-snippet:-1","max-image-preview":"max-image-preview:large","max-video-preview":"max-video-preview:-1"},"canonical":"https:\/\/physiotherapie-schwalb.de\/?page_id=76","og_locale":"de_DE","og_type":"article","og_title":"Termine - Physiotherapie Erika Schwalb","og_description":"Physiotherapie, Manuelle Therapie, Lymphdrainage, KPE, Komplexe Entstauungstherapie, PNF, CMD, Kiefergelenk, Triggerpunkt-Therapie, Atemtherapie, Massage, Sportmassage, Brunkow, Craniomandibul\u00e4r, Krankengymnastik, Nordic Walking, Wiesbaden, Taunusstein, Mainz, Rheingau-Taunus, Rhein-Main, Frankfurt, Schwalb, Praxis f\u00fcr Allgemeinmedizin, Rheinstra\u00dfe.","og_url":"https:\/\/physiotherapie-schwalb.de\/?page_id=76","og_site_name":"Physiotherapie Erika Schwalb","article_modified_time":"2020-02-19T11:58:00+00:00","og_image":[{"url":"https:\/\/physiotherapie-schwalb.de\/wp-content\/uploads\/2020\/02\/Bild-Uhr-295x300.jpg"}],"twitter_misc":{"Gesch\u00e4tzte Lesezeit":"1 Minute"},"schema":{"@context":"https:\/\/schema.org","@graph":[{"@type":"WebSite","@id":"https:\/\/physiotherapie-schwalb.de\/#website","url":"https:\/\/physiotherapie-schwalb.de\/","name":"Physiotherapie Erika Schwalb","description":"","potentialAction":[{"@type":"SearchAction","target":{"@type":"EntryPoint","urlTemplate":"https:\/\/physiotherapie-schwalb.de\/?s={search_term_string}"},"query-input":"required name=search_term_string"}],"inLanguage":"de-DE"},{"@type":"ImageObject","inLanguage":"de-DE","@id":"https:\/\/physiotherapie-schwalb.de\/?page_id=76#primaryimage","url":"https:\/\/physiotherapie-schwalb.de\/wp-content\/uploads\/2020\/02\/Bild-Uhr.jpg","contentUrl":"https:\/\/physiotherapie-schwalb.de\/wp-content\/uploads\/2020\/02\/Bild-Uhr.jpg","width":418,"height":425},{"@type":"WebPage","@id":"https:\/\/physiotherapie-schwalb.de\/?page_id=76#webpage","url":"https:\/\/physiotherapie-schwalb.de\/?page_id=76","name":"Termine - Physiotherapie Erika Schwalb","isPartOf":{"@id":"https:\/\/physiotherapie-schwalb.de\/#website"},"primaryImageOfPage":{"@id":"https:\/\/physiotherapie-schwalb.de\/?page_id=76#primaryimage"},"datePublished":"2015-02-13T20:14:43+00:00","dateModified":"2020-02-19T11:58:00+00:00","description":"Physiotherapie, Manuelle Therapie, Lymphdrainage, KPE, Komplexe Entstauungstherapie, PNF, CMD, Kiefergelenk, Triggerpunkt-Therapie, Atemtherapie, Massage, Sportmassage, Brunkow, Craniomandibul\u00e4r, Krankengymnastik, Nordic Walking, Wiesbaden, Taunusstein, Mainz, Rheingau-Taunus, Rhein-Main, Frankfurt, Schwalb, Praxis f\u00fcr Allgemeinmedizin, Rheinstra\u00dfe.","breadcrumb":{"@id":"https:\/\/physiotherapie-schwalb.de\/?page_id=76#breadcrumb"},"inLanguage":"de-DE","potentialAction":[{"@type":"ReadAction","target":["https:\/\/physiotherapie-schwalb.de\/?page_id=76"]}]},{"@type":"BreadcrumbList","@id":"https:\/\/physiotherapie-schwalb.de\/?page_id=76#breadcrumb","itemListElement":[{"@type":"ListItem","position":1,"name":"Home","item":"https:\/\/physiotherapie-schwalb.de\/"},{"@type":"ListItem","position":2,"name":"Termine"}]}]}},"_links":{"self":[{"href":"https:\/\/physiotherapie-schwalb.de\/index.php?rest_route=\/wp\/v2\/pages\/76"}],"collection":[{"href":"https:\/\/physiotherapie-schwalb.de\/index.php?rest_route=\/wp\/v2\/pages"}],"about":[{"href":"https:\/\/physiotherapie-schwalb.de\/index.php?rest_route=\/wp\/v2\/types\/page"}],"author":[{"embeddable":true,"href":"https:\/\/physiotherapie-schwalb.de\/index.php?rest_route=\/wp\/v2\/users\/1"}],"replies":[{"embeddable":true,"href":"https:\/\/physiotherapie-schwalb.de\/index.php?rest_route=%2Fwp%2Fv2%2Fcomments&post=76"}],"version-history":[{"count":7,"href":"https:\/\/physiotherapie-schwalb.de\/index.php?rest_route=\/wp\/v2\/pages\/76\/revisions"}],"predecessor-version":[{"id":189,"href":"https:\/\/physiotherapie-schwalb.de\/index.php?rest_route=\/wp\/v2\/pages\/76\/revisions\/189"}],"wp:attachment":[{"href":"https:\/\/physiotherapie-schwalb.de\/index.php?rest_route=%2Fwp%2Fv2%2Fmedia&parent=76"}],"curies":[{"name":"wp","href":"https:\/\/api.w.org\/{rel}","templated":true}]}}